 + 8*i - 1. Let v(d) = 5*l(d) + 3*t(d). Calculate v(5).
0
Let h = 10 - 3. Let v(i) be the first derivative of -i**4/4 + 2*i**3 + 5*i**2/2 + 10*i + 1. What is v(h)?
-4
Let h(s) = s**2 - 10*s - 1. Suppose 0 = 8*p + 12*p - 260. Calculate h(p).
38
Let k(q) be the third derivative of -q**4/24 - 11*q**2. Let y be k(-3). Let p(c) = -c**2 + 4*c + 4. Determine p(y).
7
Let n(p) = -55*p + 53*p + p**2 + 0*p**2 - 4. Give n(3).
-1
Suppose 3*k - 27 = -5*h, -k - 2*k = h - 27. Let p(q) = 4*q + 29. Let m(v) = v + 7. Let x(n) = k*m(n) - 2*p(n). Calculate x(-6).
-1
Let c(k) = -3*k**2 - 2*k - 3. Let f(t) = 13*t**2 + 7*t + 12. Let x(y) = -9*c(y) - 2*f(y). Calculate x(-3).
0
Let q = 73/210 - -16/105. Let h(u) be the second derivative of 1/6*u**3 + 0 - 2*u - q*u**2. Give h(5).
4
Let h(s) = 2 + s + 20 - 42. Give h(13).
-7
Let i be 76/(-190) - ((-26)/(-10) + -3). Let o(y) = y**3 - y**2 - y + 17. Determine o(i).
17
Let w(x) = x - 1. Suppose 3*m - 4 = 2*m. Suppose r - 16 = -4*y, y - 4 = -m*r + 2*r. Give w(y).
3
Let n(y) = y**3 - 7*y**2 + 3. Let x be n(7). Suppose -x*r + 5*r = -18. Let b(i) = -i - 10. Give b(r).
-1
Let d = -8 + 11. Let a(j) = -j**2 - 3 + 1 + d*j**3 + 4*j - 3*j**2. Let q = -16 - -18. Determine a(q).
14
Let u(s) = 3*s - 32. Suppose -4*j + 12 = -3*t + 39, -3*j = -t + 4. Give u(t).
7
Let z = 0 - -5. Suppose -a + z*a - 16 = 0. Suppose -2*w + 5*o = 8, a*o - 8 = 2*w + o. Let s(i) = -i**3 - 5*i**2 - i + 5. Calculate s(w).
-7
Let f(r) = -r**3 - 8*r**2 + r + 1. Let j(m) = 5*m - 20*m**2 + m**3 - 6 + 14*m**2 + 38 + 14*m**2. Let a be j(-8). Give f(a).
-7
Let t(h) = 424 + 6*h**2 - 219 + h**3 - 209 + h. What is t(-6)?
-10
Let j = 1 - -4. Let y = j + -6. Let w be y + -5 + 1 + -3. Let l(s) = s**3 + 9*s**2 + 9*s + 3. Give l(w).
-5
Let p(a) be the first derivative of -a**4/4 + 9*a - 172. What is p(0)?
9
Let h be 1/4 - (-3)/4. Let r(k) = h + 3 - 9 + 2 - k. Give r(5).
-8
Let x(g) = 3382*g + 17 - 6760*g + 3386*g. Give x(-3).
-7
Let p = -71 - -68. Let v(f) = f**3 + 3*f**2 - 5*f - 3. Determine v(p).
12
Let f be (0 - -1)*(-12 - -3). Let t(b) = 7*b + 26. Let m(v) = -11*v - 40. Let s(u) = -5*m(u) - 8*t(u). Give s(f).
1
Let y(d) be the second derivative of -d**7/2520 + 11*d**6/720 - 7*d**5/120 - 4*d**4 + 2*d - 2. Let o(c) be the third derivative of y(c). Calculate o(10).
3
Let h(b) = -b**3 - 3*b**2 + 2*b + 4. Suppose 0 = 2*f - 3*f + 3*w - 44, -f = 3*w + 20. Let c = 29 + f. Calculate h(c).
-2
Suppose -7*l + 3 = -4*l. Let n(m) = -1 + 0*m + l - m + 1. Determine n(0).
1
Suppose -16*j = -22*j - 6. Let u(d) = 13*d + 2. Determine u(j).
-11
Let b(o) be the third derivative of o**4/24 - o**3 - 6*o**2. Let y be ((-12)/(-10))/(9/60). Determine b(y).
2
Let v(q) = -q**3 + 7*q**2 + 8*q + 6. Suppose -3*x + 38 = 4*s, -2*x - 13 = -17. Determine v(s).
6
Let c(p) be the second derivative of -p**7/2520 + p**6/120 + p**5/24 + p**4/2 + 15*p. Let u(k) be the third derivative of c(k). Determine u(7).
-2
Let j(y) = y**2 - y + 9. Let h be j(0). Suppose -29 + h = 5*v. Let f(p) = -3*p + p**2 + 3 + 6*p - 5. Calculate f(v).
2
Let u be 245/85 + -3 + 1540/85. Let l(o) = -o**2 + 16*o + 22. What is l(u)?
-14
Let d(i) = i**3 + 4*i**2 + 3*i + 3. Let t(x) = -x**2 - 9*x - 11. Let m be t(-8). Let l be d(m). Let a(b) = -91 - l*b + b + 93. Give a(-2).
6
Let o(j) = -2*j + 26. Let h = -926 - -937. Calculate o(h).
4
Let o(w) = 11*w**3 - w. Suppose -2*s + 2 = j - 1, -4*j = -4*s - 24. Calculate o(s).
-10
Let g(f) = -5 + 4*f + 27 + 5. What is g(-8)?
-5
Let f = 1274 + -1287. Let q(j) = j**2 + 11*j - 13. Give q(f).
13
Let t(c) = 15 + 2*c + 2*c + 5 - c - c. Give t(-9).
2
Suppose 12*u = 9*u - 24. Let f(c) = -c**2 - 9*c - 2. Determine f(u).
6
Let u be -2 + -2 - (1 + -1). Let t(h) = -h**2 + 1. Let f(i) = -2*i**2 - 3 + 4*i**2 + 30*i - 27*i. Let l(v) = f(v) + t(v). Calculate l(u).
2
Let k(n) = -n. Let c(w) = -w**2 + 9*w + 1. Let p(s) = -c(s) - 4*k(s). Give p(6).
5
Let j(n) = n**2 - 11*n - 7. Suppose 10*x - 1092 = 3*x. Suppose -x = 6*q - 19*q. Give j(q).
5
Let d(k) = 3*k**2 + 11*k - 5. Let h(o) = 5*o**2 + 16*o - 7. Suppose j - 4*f - f = -28, 2*f = 5*j + 48. Let m(y) = j*d(y) + 5*h(y). Give m(7).
-2
Let u = 63 - 37. Suppose -2*m + 22 - 5 = b, -m + u = 4*b. Let t(n) = 3*n + 11. Let a(r) = r + 4. Let g(c) = -8*a(c) + 3*t(c). What is g(m)?
7
Let l = -5 - -3. Suppose 0 = -0*s + s - 2. Let q = l - s. Let b(g) = g**2 + 2*g - 5. What is b(q)?
3
Let k(d) = 5*d + 5. Let r(c) = 9*c + 10. Let i(u) = 11*k(u) - 6*r(u). Let f(g) = 36*g**3 + g**2 + g + 1. Let q be f(-1). Let n = q - -41. What is i(n)?
1
Let u(w) = 4 - 21*w - 4*w**2 - 15*w + 37*w. Determine u(-3).
-35
Let g(r) = -3*r - 47. Let a(q) = 2*q + 40. Let y(s) = 4*a(s) + 3*g(s). Determine y(7).
12
Let h(i) = 13 + 8795*i + 11*i**2 - 4401*i - 4404*i + i**3 + 6. What is h(-12)?
-5
Let s(b) = -b**3 - 4*b**2 - 4*b - 2. Let t(d) be the third derivative of -d**4/24 - d**3/3 - 5*d**2. Let h be t(-7). Suppose 3 = o + h. Determine s(o).
-2
Let x be (10/3)/(-5) + 76/(-12). Let n(h) = -5*h**2 - 41*h + 45. Let b(u) = -u**2 - 8*u + 9. Let o(z) = 11*b(z) - 2*n(z). Determine o(x).
2
Let j(s) = 2*s + 9. Suppose -2*v - 210 = -7*v. Suppose 6*k = -0*k - v. Give j(k).
-5
Let r(c) = c - 1. Let z(y) = -24*y + 21. Let w(f) = -42*r(f) - 2*z(f). Calculate w(1).
6
Let j(m) = -6 - 17*m**2 + 8 + 3*m**2 - 1. Let k(f) = f**2 - 4*f + 1. Let n be k(4). Determine j(n).
-13
Let m = 8 + -9. Let h be -1 + (m - -3) + 23. Suppose -6*t = -2*t + h. Let u(z) = -z**3 - 6*z**2 - 8. Determine u(t).
-8
Let t(m) = -2*m + 2. Suppose 0 = -24*n + 21*n. Suppose -g - 9 + 4 = n. What is t(g)?
12
Let w(g) = 2*g - 3. Let y(z) = -2*z + 3. Let u(i) = -6*w(i) - 5*y(i). Let v be (18/4)/(-2 - (-5)/4). Let p be 1*(3/6 + -1)*v. Give u(p).
-3
Let r(n) be the first derivative of -n**3/3 + 8*n**2 - 3*n - 17. Calculate r(16).
-3
Let j(m) be the third derivative of m**5/60 - m**4/6 - m**3/6 + 19*m**2 - 6*m. Give j(4).
-1
Let o = -1074 - -1075. Let h(f) = 34*f**2 - 4*f + 4. Calculate h(o).
34
Suppose 0 = 4*y + 20, 0 = -m + 2*m + y - 25. Let l(c) = m + 7*c + 33 - 62. What is l(1)?
8
Let i = -1111 + 1105. Suppose 3*c - j - 8 = -c, c - 3*j - 2 = 0. Let b(o) = 4 + 0*o**c - 2*o**2 + 7*o + 3*o**2. Calculate b(i).
-2
Let b(o) = 40*o - 629. Let y be b(16). Let z(n) = -n**2 + 12*n + 2. Calculate z(y).
13
Let y = 77 - 66. Let k(j) = -y*j + 6*j + 4*j + 2. Determine k(-3).
5
Let m(y) = -3*y + 104. Let h be m(33). Let u(l) = -l**2 + 9*l - 12. Calculate u(h).
8
Let b(j) = -40 - 21 + 86 - 23 + 2*j - 24. Determine b(14).
6
Let p(m) = -m + 2. Let z be p(6). Let n(i) = i - 2. Let j(s) = 4*s - 14. Let u(b) = j(b) - 5*n(b). Give u(z).
0
Let s = 57 - 56. Let t(p) = p + 1. Let a(c) = c**2 - 4*c - 4. Let r(w) = s*a(w) - t(w). Give r(6).
1
Let h = -3 - -7. Suppose 8 = -4*o - 4*a, 3*o - 5*a - h = 30. Let g(r) = 12*r**3 - 23*r**3 + 3 + 10*r**o + 4*r**2 - r. What is g(3)?
9
Let z(c) = -110 - 115 + c**3 + 348 + 4*c - 8*c**2 - 115. Give z(7).
-13
Suppose 0*b - 4 = -2*b. Suppose 0*x + 6 = a - b*x, 5*a - x - 12 = 0. Let w(s) = 19*s**a - 1 - s - 21*s**2 - 1. Calculate w(-2).
-8
Let w(o) be the third derivative of -o**6/360 + o**5/30 + 3*o**4/8 - 6*o**2. Let t(d) be the second derivative of w(d). Suppose 5*s = 3*s + 10. What is t(s)?
-6
Suppose 0 = 16*w + 22*w + 418. Let p(g) = -g**3 - 12*g**2 - 13*g - 10. Calculate p(w).
12
Let w(s) be the second derivative of s**3/6 - 6*s**2 + 19*s. Determine w(13).
1
Let y be (-11)/(-5) + 3/(-15). Suppose 2*q = q + y. Let d(c) = 2*c - c**2 + c**2 + 2 - 6*c + c**q. Determine d(5).
7
Suppose x = 3*g - 5 + 4, -3*g - 7 = -5*x. Let b(q) be the second derivative of -1/12*q**4 - 4/3*q**3 + 9/2*q**x + 0 - 9*q. Determine b(-8).
9
Let r(l) = -2*l**2 + 0*l**2 - l + l**2 - 8 - 6 - 9. Give r(0).
-23
Let r(f) = 4*f**3 + 2*f**2 - 5. Let p(z) = 9*z**3 + 5*z**2 - z - 12. Let x(g) = -2*p(g) + 5*r(g). Let k = 1 - -4. Suppose 3*n = -2*n + k. Calculate x(n).
3
Let z(s) = -3*s**2 - 70*s**3 + 4*s + 34*s**3 - 2*s - 7 + 8*s**2 + 37*s**3. What is z(-3)?
5
Suppose 0 = -4*n + 3*q - 16, -3*q + 28 = -5*n + 11. Let r(d) = -10*d**2 + d - 4. Let o(z) = -9*z**2 - 3. Let y(w) = -3*o(w) + 2*r(w). What is y(n)?
6
Let o(s) = 4*s**2 - 13*s + 9. Let c be o(2). Let p(t) = t**2 + 2*t + 1. Determine p(c).
0
Let r(u) = -8 + 43*u - 79*u + 39*u. What is r(10)?
22
Suppose -4*h - 20 = 6*s - s, 3*s + 